it of 81409965?
1
What is the ten thousands digit of 1327422405?
2
What is the units digit of 80850275?
5
What is the hundreds digit of 751820600?
6
What is the ten millions digit of 591151603?
9
What is the hundred millions digit of 271404098?
2
What is the ten millions digit of 2375130331?
7
What is the ten thousands digit of 513334733?
3
What is the ten thousands digit of 228175075?
7
What is the ten thousands digit of 32326271?
2
What is the ten thousands digit of 507196735?
9
What is the hundred millions digit of 481006749?
4
What is the hundreds digit of 97960927?
9
What is the ten millions digit of 591096532?
9
What is the millions digit of 1596643479?
6
What is the tens digit of 89822760?
6
What is the hundred thousands digit of 57046352?
0
What is the hundred millions digit of 785409802?
7
What is the ten millions digit of 764323731?
6
What is the millions digit of 283884008?
3
What is the thousands digit of 119362443?
2
What is the units digit of 6496698768?
8
What is the millions digit of 103581830?
3
What is the hundred thousands digit of 5657185?
6
What is the hundred millions digit of 137907441?
1
What is the hundred thousands digit of 287187666?
1
What is the ten thousands digit of 678416921?
1
What is the hundred thousands digit of 107726958?
7
What is the millions digit of 2375584920?
5
What is the units digit of 453873459?
9
What is the tens digit of 1634029459?
5
What is the ten thousands digit of 52508176?
0
What is the tens digit of 289564958?
5
What is the billions digit of 4284100409?
4
What is the ten thousands digit of 5435828?
3
What is the thousands digit of 49116967?
6
What is the tens digit of 5971036446?
4
What is the ten millions digit of 8417767954?
1
What is the millions digit of 20428352?
0
What is the ten millions digit of 27397764?
2
What is the ten millions digit of 1709575691?
0
What is the millions digit of 87299450?
7
What is the thousands digit of 467557479?
7
What is the ten thousands digit of 758279606?
7
What is the units digit of 129730170?
0
What is the ten millions digit of 1029487676?
2
What is the tens digit of 647769328?
2
What is the millions digit of 2318921233?
8
What is the ten millions digit of 55796576?
5
What is the ten millions digit of 3452535899?
5
What is the ten millions digit of 572538158?
7
What is the thousands digit of 1757620460?
0
What is the millions digit of 1290305709?
0
What is the ten thousands digit of 199008482?
0
What is the tens digit of 49566513?
1
What is the hundreds digit of 100869564?
5
What is the ten millions digit of 29109349?
2
What is the hundred thousands digit of 3457993345?
9
What is the units digit of 1962212849?
9
What is the thousands digit of 180937188?
7
What is the millions digit of 1393136686?
3
What is the tens digit of 64676412?
1
What is the hundred millions digit of 1260158582?
2
What is the ten thousands digit of 434363411?
6
What is the hundred thousands digit of 86145608?
1
What is the hundreds digit of 241579270?
2
What is the units digit of 300028014?
4
What is the hundreds digit of 1979340949?
9
What is the ten millions digit of 189004091?
8
What is the thousands digit of 14182544?
2
What is the hundreds digit of 98986169?
1
What is the ten thousands digit of 664107196?
0
What is the ten thousands digit of 124028670?
2
What is the millions digit of 86707947?
6
What is the millions digit of 47450582?
7
What is the hundreds digit of 25593100?
1
What is the tens digit of 1077450043?
4
What is the hundred millions digit of 151983656?
1
What is the thousands digit of 301602968?
2
What is the millions digit of 2084669313?
4
What is the hundred thousands digit of 1665323480?
3
What is the ten thousands digit of 330002975?
0
What is the ten millions digit of 266070495?
6
What is the thousands digit of 21617434?
7
What is the hundred millions digit of 3450690052?
4
What is the hundreds digit of 1799156283?
2
What is the hundred thousands digit of 4873043804?
0
What is the hundred thousands digit of 221407465?
4
What is the ten millions digit of 2708424262?
0
What is the ten thousands digit of 4974279?
7
What is the millions digit of 152318012?
2
What is the tens digit of 240188522?
2
What is the hundred thousands digit of 529954625?
9
What is the hundred millions digit of 283645067?
2
What is the thousands digit of 63689228?
9
What is the thousands digit of 64385967?
5
What is the ten thousands digit of 163622811?
2
What is the ten thousands digit of 4219440458?
4
What is the ten thousands digit of 257951936?
5
What is the hundred thousands digit of 20687365?
6
What is the hundred millions digit of 445605158?
4
What is the tens digit of 172535536?
3
What is the tens digit of 525024956?
5
What is the ten millions digit of 305972120?
0
What is the ten thousands digit of 62902872?
0
What is the millions digit of 37403343?
7
What is the tens digit of 481311513?
1
What is the hundreds digit of 71339252?
2
What is the tens digit of 173783204?
0
What is the units digit of 57104207?
7
What is the hundreds digit of 2620342564?
5
What is the tens digit of 2187767777?
7
What is the billions digit of 2605586319?
2
What is the thousands digit of 194715697?
5
What is the thousands digit of 287799655?
9
What is the hundreds digit of 374157087?
0
What is the hundred thousands digit of 6009968383?
9
What is the thousands digit of 2182544576?
4
What is the hundreds digit of 4305336?
3
What is the hundred millions digit of 577289539?
5
What is the hundreds digit of 322547893?
8
What is the ten thousands digit of 1818343326?
4
What is the units digit of 207143338?
8
What is the tens digit of 214174471?
7
What is the hundred thousands digit of 497086172?
0
What is the millions digit of 42414826?
2
What is the units digit of 82663788?
8
What is the hundred thousands digit of 469959733?
9
What is the hundred millions digit of 594863496?
5
What is the millions digit of 325162321?
5
What is the hundreds digit of 357015132?
1
What is the hundred thousands digit of 828555685?
5
What is the hundreds digit of 3627941582?
5
What is the ten thousands digit of 66540895?
4
What is the thousands digit of 31150593?
0
What is the tens digit of 259045551?
5
What is the ten thousands digit of 1564610598?
1
What is the ten thousands digit of 111441551?
4
What is the thousands digit of 4259149?
9
What is the tens digit of 1255908041?
4
What is the millions digit of 5564900899?
4
What is the thousands digit of 151036605?
6
What is the hundreds digit of 5989069203?
2
What is the millions digit of 41525564?
1
What is the millions digit of 65260223?
5
What is the tens digit of 21619158?
5
What is the ten thousands digit of 181028023?
2
What is the hundreds digit of 231250382?
3
What is the ten millions digit of 125085071?
2
What is the thousands digit of 196753033?
3
What is the ten millions digit of 854381361?
5
What is the thousands digit of 2526351514?
1
What is the thousands digit of 340732894?
2
What is the thousands digit of 173347618?
7
What is the thousands digit of 5091866?
1
What is the hundred thousands digit of 42181970?
1
What is the units digit of 1062765278?
8
What is the units digit of 2219090705?
5
What is the tens digit of 42517761?
6
What is the ten millions digit of 213276383?
1
What is the thousands digit of 3979465482?
5
What is the tens digit of 7136564466?
6
What is the billions digit of 3044139041?
3
What is the millions digit of 32344890?
2
What is the hundred thousands digit of 2876643649?
6
What is the hundred millions digit of 1006780944?
0
What is the tens digit of 60065998?
9
What is the hundred thousands digit of 519165680?
1
What is the ten thousands digit of 15029415?
2
What is the ten millions digit of 3301646178?
0
What is the hundred millions digit of 149996246?
1
What is the tens digit of 333071500?
0
What is the millions digit of 241644191?
1
What is the units digit of 22933280?
0
What is the units digit of 30581704?
4
What is the hundred thousands digit of 84734514?
7
What is the tens digit of 30537766?
6
What is the billions digit of 2349310721?
2
What is the units digit of 1030447327?
7
What is the ten thousands digit of 2015423136?
2
What is the ten thousands digit of 184470262?
7
What is the millions digit of 3452045892?
2
What is the hundred